CRAN Package Check Results for Package d3Tree

Last updated on 2021-04-11 10:47:29 CEST.

Flavor Version Tinstall Tcheck Ttotal Status Flags
r-devel-linux-x86_64-debian-clang 0.2.2 4.66 46.85 51.51 OK
r-devel-linux-x86_64-debian-gcc 0.2.2 3.69 33.64 37.33 OK
r-devel-linux-x86_64-fedora-clang 0.2.2 66.80 NOTE
r-devel-linux-x86_64-fedora-gcc 0.2.2 54.00 NOTE
r-devel-windows-ix86+x86_64 0.2.2 12.00 44.00 56.00 OK
r-devel-windows-x86_64-gcc10-UCRT 0.2.2 NOTE
r-patched-linux-x86_64 0.2.2 4.99 41.01 46.00 OK
r-patched-solaris-x86 0.2.2 91.00 NOTE
r-release-linux-x86_64 0.2.2 4.46 40.92 45.38 OK
r-release-macos-x86_64 0.2.2 NOTE
r-release-windows-ix86+x86_64 0.2.2 22.00 61.00 83.00 OK
r-oldrel-macos-x86_64 0.2.2 NOTE
r-oldrel-windows-ix86+x86_64 0.2.2 10.00 60.00 70.00 OK

Check Details

Version: 0.2.2
Check: dependencies in R code
Result: NOTE
    Namespace in Imports field not imported from: ‘magrittr’
     All declared Imports should be used.
Flavors: r-devel-linux-x86_64-fedora-clang, r-devel-linux-x86_64-fedora-gcc, r-devel-windows-x86_64-gcc10-UCRT, r-patched-solaris-x86, r-release-macos-x86_64, r-oldrel-macos-x86_64