CRAN Package Check Results for Package cvms

Last updated on 2021-01-24 09:49:03 CET.

Flavor Version Tinstall Tcheck Ttotal Status Flags
r-devel-linux-x86_64-debian-clang 1.2.0 16.35 407.30 423.65 OK
r-devel-linux-x86_64-debian-gcc 1.2.0 13.22 305.24 318.46 OK
r-devel-linux-x86_64-fedora-clang 1.2.0 492.82 OK
r-devel-linux-x86_64-fedora-gcc 1.2.0 488.38 OK
r-devel-windows-ix86+x86_64 1.2.0 32.00 483.00 515.00 OK
r-patched-linux-x86_64 1.2.0 14.71 412.08 426.79 OK
r-patched-solaris-x86 1.2.0 645.80 NOTE
r-release-linux-x86_64 1.2.0 15.84 416.76 432.60 OK
r-release-macos-x86_64 1.2.0 OK
r-release-windows-ix86+x86_64 1.2.0 37.00 502.00 539.00 OK
r-oldrel-macos-x86_64 1.2.0 OK
r-oldrel-windows-ix86+x86_64 1.2.0 23.00 490.00 513.00 OK

Check Details

Version: 1.2.0
Check: package dependencies
Result: NOTE
    Package suggested but not available for checking: ‘rsvg’
Flavor: r-patched-solaris-x86