CRAN Package Check Results for Package coveffectsplot

Last updated on 2021-01-24 09:49:03 CET.

Flavor Version Tinstall Tcheck Ttotal Status Flags
r-devel-linux-x86_64-debian-clang 0.0.9.1 3.57 226.33 229.90 OK
r-devel-linux-x86_64-debian-gcc 0.0.9.1 2.64 157.42 160.06 OK
r-devel-linux-x86_64-fedora-clang 0.0.9.1 260.76 NOTE
r-devel-linux-x86_64-fedora-gcc 0.0.9.1 249.54 NOTE
r-devel-windows-ix86+x86_64 0.0.9.1 9.00 258.00 267.00 OK
r-patched-linux-x86_64 0.0.9.1 3.60 200.90 204.50 OK
r-patched-solaris-x86 0.0.9.1 359.70 NOTE
r-release-linux-x86_64 0.0.9.1 3.05 203.13 206.18 OK
r-release-macos-x86_64 0.0.9.1 NOTE
r-release-windows-ix86+x86_64 0.0.9.1 26.00 262.00 288.00 OK
r-oldrel-macos-x86_64 0.0.9.1 NOTE
r-oldrel-windows-ix86+x86_64 0.0.9.1 5.00 282.00 287.00 OK

Check Details

Version: 0.0.9.1
Check: dependencies in R code
Result: NOTE
    Namespaces in Imports field not imported from:
     ‘colourpicker’ ‘dplyr’ ‘markdown’ ‘shinyjs’ ‘table1’ ‘tidyr’
     All declared Imports should be used.
Flavors: r-devel-linux-x86_64-fedora-clang, r-devel-linux-x86_64-fedora-gcc, r-patched-solaris-x86, r-release-macos-x86_64, r-oldrel-macos-x86_64