CRAN Package Check Results for Package corto

Last updated on 2021-01-20 09:49:41 CET.

Flavor Version Tinstall Tcheck Ttotal Status Flags
r-devel-linux-x86_64-debian-clang 1.1.3 5.33 54.58 59.91 OK
r-devel-linux-x86_64-debian-gcc 1.1.3 4.90 41.72 46.62 OK
r-devel-linux-x86_64-fedora-clang 1.1.3 81.67 NOTE
r-devel-linux-x86_64-fedora-gcc 1.1.3 73.09 NOTE
r-devel-windows-ix86+x86_64 1.1.3 10.00 64.00 74.00 OK
r-patched-linux-x86_64 1.1.3 5.84 51.88 57.72 OK
r-patched-solaris-x86 1.1.3 118.60 NOTE
r-release-linux-x86_64 1.1.3 5.62 52.05 57.67 OK
r-release-macos-x86_64 1.1.3 NOTE
r-release-windows-ix86+x86_64 1.1.3 10.00 66.00 76.00 OK
r-oldrel-macos-x86_64 1.1.3 NOTE
r-oldrel-windows-ix86+x86_64 1.1.3 8.00 63.00 71.00 OK

Check Details

Version: 1.1.3
Check: dependencies in R code
Result: NOTE
    Namespaces in Imports field not imported from:
     ‘knitr’ ‘rmarkdown’
     All declared Imports should be used.
Flavors: r-devel-linux-x86_64-fedora-clang, r-devel-linux-x86_64-fedora-gcc, r-patched-solaris-x86, r-release-macos-x86_64, r-oldrel-macos-x86_64