Last updated on 2021-01-20 09:49:41 CET.
Flavor | Version | Tinstall | Tcheck | Ttotal | Status | Flags |
---|---|---|---|---|---|---|
r-devel-linux-x86_64-debian-clang | 0.3.6 | 4.24 | 37.90 | 42.14 | OK | |
r-devel-linux-x86_64-debian-gcc | 0.3.6 | 3.02 | 29.63 | 32.65 | OK | |
r-devel-linux-x86_64-fedora-clang | 0.3.6 | 61.22 | OK | |||
r-devel-linux-x86_64-fedora-gcc | 0.3.6 | 51.37 | OK | |||
r-devel-windows-ix86+x86_64 | 0.3.6 | 9.00 | 112.00 | 121.00 | OK | |
r-patched-linux-x86_64 | 0.3.6 | 4.58 | 36.72 | 41.30 | OK | |
r-patched-solaris-x86 | 0.3.6 | 73.70 | WARN | |||
r-release-linux-x86_64 | 0.3.6 | 4.22 | 37.14 | 41.36 | OK | |
r-release-macos-x86_64 | 0.3.6 | OK | ||||
r-release-windows-ix86+x86_64 | 0.3.6 | 9.00 | 79.00 | 88.00 | OK | |
r-oldrel-macos-x86_64 | 0.3.6 | OK | ||||
r-oldrel-windows-ix86+x86_64 | 0.3.6 | 5.00 | 70.00 | 75.00 | OK |
Version: 0.3.6
Check: re-building of vignette outputs
Result: WARN
Error(s) in re-building vignettes:
...
--- re-building ‘Introduction_to_classyfireR.Rmd’ using rmarkdown
Warning in engine$weave(file, quiet = quiet, encoding = enc) :
Pandoc (>= 1.12.3) and/or pandoc-citeproc not available. Falling back to R Markdown v1.
Quitting from lines 72-83 (Introduction_to_classyfireR.Rmd)
Error: processing vignette 'Introduction_to_classyfireR.Rmd' failed with diagnostics:
Must group by variables found in `.data`.
* Column `inchikey` is not found.
--- failed re-building ‘Introduction_to_classyfireR.Rmd’
SUMMARY: processing the following file failed:
‘Introduction_to_classyfireR.Rmd’
Error: Vignette re-building failed.
Execution halted
Flavor: r-patched-solaris-x86