Last updated on 2021-03-08 09:47:36 CET.
Flavor | Version | Tinstall | Tcheck | Ttotal | Status | Flags |
---|---|---|---|---|---|---|
r-devel-linux-x86_64-debian-clang | 1.1.0 | 10.67 | 62.31 | 72.98 | OK | |
r-devel-linux-x86_64-debian-gcc | 1.1.0 | 7.85 | 48.45 | 56.30 | OK | |
r-devel-linux-x86_64-fedora-clang | 1.1.0 | 93.59 | OK | |||
r-devel-linux-x86_64-fedora-gcc | 1.1.0 | 82.43 | OK | |||
r-devel-windows-ix86+x86_64 | 1.1.0 | 16.00 | 80.00 | 96.00 | OK | |
r-devel-windows-x86_64-gcc10-UCRT | 1.1.0 | OK | ||||
r-patched-linux-x86_64 | 1.1.0 | 7.55 | 58.18 | 65.73 | OK | |
r-patched-solaris-x86 | 1.1.0 | 127.00 | OK | |||
r-release-linux-x86_64 | 1.1.0 | 10.44 | 58.40 | 68.84 | OK | |
r-release-macos-x86_64 | 1.1.0 | OK | ||||
r-release-windows-ix86+x86_64 | 1.1.0 | 15.00 | 63.00 | 78.00 | OK | |
r-oldrel-macos-x86_64 | 1.1.0 | NOTE | ||||
r-oldrel-windows-ix86+x86_64 | 1.1.0 | 11.00 | 62.00 | 73.00 | NOTE |
Version: 1.1.0
Check: R code for possible problems
Result: NOTE
diffplot: no visible global function definition for ‘plot’
get_comptab: no visible global function definition for ‘plot’
qdist: no visible global function definition for ‘plot’
qdist : pfun: no visible global function definition for ‘plot’
Undefined global functions or variables:
plot
Consider adding
importFrom("graphics", "plot")
to your NAMESPACE file.
Flavors: r-oldrel-macos-x86_64, r-oldrel-windows-ix86+x86_64