CRAN Package Check Results for Package cancensus

Last updated on 2024-02-27 21:48:21 CET.

Flavor Version Tinstall Tcheck Ttotal Status Flags
r-devel-linux-x86_64-debian-clang 0.5.7 5.74 87.60 93.34 OK
r-devel-linux-x86_64-debian-gcc 0.5.7 4.90 64.79 69.69 OK
r-devel-linux-x86_64-fedora-clang 0.5.7 113.42 NOTE
r-devel-linux-x86_64-fedora-gcc 0.5.7 132.07 NOTE
r-devel-windows-x86_64 0.5.7 7.00 104.00 111.00 OK
r-patched-linux-x86_64 0.5.7 8.05 82.36 90.41 OK
r-release-linux-x86_64 0.5.7 6.30 83.78 90.08 OK
r-release-macos-arm64 0.5.7 61.00 OK
r-release-macos-x86_64 0.5.7 137.00 OK
r-release-windows-x86_64 0.5.7 10.00 112.00 122.00 OK
r-oldrel-macos-arm64 0.5.7 61.00 OK
r-oldrel-windows-x86_64 0.5.7 10.00 106.00 116.00 OK

Check Details

Version: 0.5.7
Check: data for non-ASCII characters
Result: NOTE Note: found 23 marked UTF-8 strings Flavors: r-devel-linux-x86_64-fedora-clang, r-devel-linux-x86_64-fedora-gcc