Last updated on 2021-01-22 09:48:32 CET.
Flavor | Version | Tinstall | Tcheck | Ttotal | Status | Flags |
---|---|---|---|---|---|---|
r-devel-linux-x86_64-debian-clang | 2.0.3 | 21.62 | 216.86 | 238.48 | OK | |
r-devel-linux-x86_64-debian-gcc | 2.0.3 | 16.04 | 163.48 | 179.52 | OK | |
r-devel-linux-x86_64-fedora-clang | 2.0.3 | 292.31 | NOTE | |||
r-devel-linux-x86_64-fedora-gcc | 2.0.3 | 289.00 | OK | |||
r-devel-windows-ix86+x86_64 | 2.0.3 | 43.00 | 280.00 | 323.00 | NOTE | |
r-patched-linux-x86_64 | 2.0.3 | 21.46 | 202.79 | 224.25 | OK | |
r-patched-solaris-x86 | 2.0.3 | 282.70 | NOTE | --no-vignettes | ||
r-release-linux-x86_64 | 2.0.3 | 19.78 | 202.25 | 222.03 | OK | |
r-release-macos-x86_64 | 2.0.3 | NOTE | ||||
r-release-windows-ix86+x86_64 | 2.0.3 | 47.00 | 286.00 | 333.00 | NOTE | |
r-oldrel-macos-x86_64 | 2.0.3 | NOTE | ||||
r-oldrel-windows-ix86+x86_64 | 2.0.3 | 26.00 | 196.00 | 222.00 | NOTE |
Version: 2.0.3
Check: installed package size
Result: NOTE
installed size is 8.6Mb
sub-directories of 1Mb or more:
doc 4.0Mb
pictures 4.0Mb
Flavors: r-devel-linux-x86_64-fedora-clang, r-devel-windows-ix86+x86_64, r-release-macos-x86_64, r-release-windows-ix86+x86_64, r-oldrel-macos-x86_64, r-oldrel-windows-ix86+x86_64
Version: 2.0.3
Check: Rd cross-references
Result: NOTE
Undeclared package ‘plotrix’ in Rd xrefs
Flavor: r-devel-linux-x86_64-fedora-clang
Version: 2.0.3
Flags: --no-vignettes
Check: installed package size
Result: NOTE
installed size is 8.7Mb
sub-directories of 1Mb or more:
doc 4.2Mb
pictures 3.7Mb
Flavor: r-patched-solaris-x86