Last updated on 2021-03-08 09:47:36 CET.
Flavor | Version | Tinstall | Tcheck | Ttotal | Status | Flags |
---|---|---|---|---|---|---|
r-devel-linux-x86_64-debian-clang | 1.7.7 | 3.11 | 35.65 | 38.76 | OK | |
r-devel-linux-x86_64-debian-gcc | 1.7.7 | 2.32 | 28.00 | 30.32 | OK | |
r-devel-linux-x86_64-fedora-clang | 1.7.7 | 56.00 | OK | |||
r-devel-linux-x86_64-fedora-gcc | 1.7.7 | 46.57 | OK | |||
r-devel-windows-ix86+x86_64 | 1.7.7 | 6.00 | 55.00 | 61.00 | OK | |
r-devel-windows-x86_64-gcc10-UCRT | 1.7.7 | OK | ||||
r-patched-linux-x86_64 | 1.7.7 | 3.20 | 34.45 | 37.65 | OK | |
r-patched-solaris-x86 | 1.7.7 | 65.30 | OK | |||
r-release-linux-x86_64 | 1.7.7 | 3.25 | 34.82 | 38.07 | OK | |
r-release-macos-x86_64 | 1.7.7 | OK | ||||
r-release-windows-ix86+x86_64 | 1.7.7 | 6.00 | 45.00 | 51.00 | OK | |
r-oldrel-macos-x86_64 | 1.7.7 | NOTE | ||||
r-oldrel-windows-ix86+x86_64 | 1.7.7 | 13.00 | 48.00 | 61.00 | NOTE |
Version: 1.7.7
Check: R code for possible problems
Result: NOTE
bplot: no visible global function definition for ‘plot’
Undefined global functions or variables:
plot
Consider adding
importFrom("graphics", "plot")
to your NAMESPACE file.
Flavors: r-oldrel-macos-x86_64, r-oldrel-windows-ix86+x86_64