Last updated on 2021-03-03 09:48:33 CET.
Flavor | Version | Tinstall | Tcheck | Ttotal | Status | Flags |
---|---|---|---|---|---|---|
r-devel-linux-x86_64-debian-clang | 1.18.1 | OK | ||||
r-devel-linux-x86_64-debian-gcc | 1.18.1 | 4.10 | 27.66 | 31.76 | OK | |
r-devel-linux-x86_64-fedora-clang | 1.18.1 | 61.25 | NOTE | |||
r-devel-linux-x86_64-fedora-gcc | 1.18.1 | 49.65 | OK | |||
r-devel-windows-ix86+x86_64 | 1.18.1 | 15.00 | 72.00 | 87.00 | OK | |
r-patched-linux-x86_64 | 1.18.1 | 5.27 | 34.30 | 39.57 | OK | |
r-patched-solaris-x86 | 1.18.1 | 73.90 | OK | |||
r-release-linux-x86_64 | 1.18.1 | 5.08 | 34.06 | 39.14 | OK | |
r-release-macos-x86_64 | 1.18.1 | OK | ||||
r-release-windows-ix86+x86_64 | 1.18.1 | 15.00 | 73.00 | 88.00 | OK | |
r-oldrel-macos-x86_64 | 1.18.1 | OK | ||||
r-oldrel-windows-ix86+x86_64 | 1.18.1 | 35.00 | 80.00 | 115.00 | OK |
Version: 1.18.1
Check: Rd cross-references
Result: NOTE
Undeclared packages ‘fields’, ‘spatstat’, ‘R2HTML’, ‘pixmap’, ‘gplots’, ‘RColorBrewer’, ‘epitools’, ‘XML’, ‘exactRankTests’, ‘coin’, ‘ROCR’, ‘Epi’, ‘verification’, ‘Hmisc’, ‘gtools’, ‘magic’, ‘zoo’ in Rd xrefs
Flavor: r-devel-linux-x86_64-fedora-clang