Last updated on 2021-01-24 09:49:02 CET.
Flavor | Version | Tinstall | Tcheck | Ttotal | Status | Flags |
---|---|---|---|---|---|---|
r-devel-linux-x86_64-debian-clang | 1.0.0 | 987.94 | 195.85 | 1183.79 | NOTE | |
r-devel-linux-x86_64-debian-gcc | 1.0.0 | 787.65 | 175.50 | 963.15 | NOTE | |
r-devel-linux-x86_64-fedora-clang | 1.0.0 | 1464.59 | NOTE | |||
r-devel-linux-x86_64-fedora-gcc | 1.0.0 | 1576.22 | NOTE | |||
r-devel-windows-ix86+x86_64 | 1.0.0 | 2080.00 | 432.00 | 2512.00 | NOTE | |
r-patched-linux-x86_64 | 1.0.0 | 683.79 | 224.33 | 908.12 | NOTE | |
r-patched-solaris-x86 | 1.0.0 | 1502.00 | NOTE | |||
r-release-linux-x86_64 | 1.0.0 | 692.35 | 223.44 | 915.79 | NOTE | |
r-release-macos-x86_64 | 1.0.0 | NOTE | ||||
r-release-windows-ix86+x86_64 | 1.0.0 | 2049.00 | 428.00 | 2477.00 | NOTE | |
r-oldrel-macos-x86_64 | 1.0.0 | NOTE | ||||
r-oldrel-windows-ix86+x86_64 | 1.0.0 | 1605.00 | 362.00 | 1967.00 | NOTE |
Version: 1.0.0
Check: for GNU extensions in Makefiles
Result: NOTE
GNU make is a SystemRequirements.
Flavors: r-devel-linux-x86_64-debian-clang, r-devel-linux-x86_64-debian-gcc, r-devel-linux-x86_64-fedora-clang, r-devel-linux-x86_64-fedora-gcc, r-devel-windows-ix86+x86_64, r-patched-linux-x86_64, r-patched-solaris-x86, r-release-linux-x86_64, r-release-macos-x86_64, r-release-windows-ix86+x86_64, r-oldrel-macos-x86_64, r-oldrel-windows-ix86+x86_64
Version: 1.0.0
Check: installed package size
Result: NOTE
installed size is 147.9Mb
sub-directories of 1Mb or more:
doc 7.7Mb
libs 139.5Mb
Flavors: r-devel-linux-x86_64-fedora-clang, r-devel-windows-ix86+x86_64, r-patched-solaris-x86, r-release-macos-x86_64, r-release-windows-ix86+x86_64, r-oldrel-macos-x86_64, r-oldrel-windows-ix86+x86_64
Version: 1.0.0
Check: dependencies in R code
Result: NOTE
Namespace in Imports field not imported from: ‘rstantools’
All declared Imports should be used.
Flavors: r-devel-linux-x86_64-fedora-clang, r-devel-linux-x86_64-fedora-gcc, r-patched-solaris-x86, r-release-macos-x86_64, r-oldrel-macos-x86_64