CRAN Package Check Results for Package bmscstan

Last updated on 2021-01-20 09:49:40 CET.

Flavor Version Tinstall Tcheck Ttotal Status Flags
r-devel-linux-x86_64-debian-clang 1.1.0 9.55 93.76 103.31 OK
r-devel-linux-x86_64-debian-gcc 1.1.0 9.26 70.01 79.27 OK
r-devel-linux-x86_64-fedora-clang 1.1.0 133.72 NOTE
r-devel-linux-x86_64-fedora-gcc 1.1.0 123.24 NOTE
r-devel-windows-ix86+x86_64 1.1.0 18.00 102.00 120.00 OK
r-patched-linux-x86_64 1.1.0 9.53 86.82 96.35 OK
r-patched-solaris-x86 1.1.0 173.00 NOTE
r-release-linux-x86_64 1.1.0 7.16 87.02 94.18 OK
r-release-macos-x86_64 1.1.0 NOTE
r-release-windows-ix86+x86_64 1.1.0 22.00 99.00 121.00 OK
r-oldrel-macos-x86_64 1.1.0 NOTE
r-oldrel-windows-ix86+x86_64 1.1.0 18.00 92.00 110.00 OK

Check Details

Version: 1.1.0
Check: dependencies in R code
Result: NOTE
    Namespace in Imports field not imported from: ‘coda’
     All declared Imports should be used.
Flavors: r-devel-linux-x86_64-fedora-clang, r-devel-linux-x86_64-fedora-gcc, r-patched-solaris-x86, r-release-macos-x86_64, r-oldrel-macos-x86_64