Last updated on 2021-02-26 09:49:10 CET.
Flavor | Version | Tinstall | Tcheck | Ttotal | Status | Flags |
---|---|---|---|---|---|---|
r-devel-linux-x86_64-debian-clang | 0.12.3 | 71.26 | 37.47 | 108.73 | NOTE | |
r-devel-linux-x86_64-debian-gcc | 0.12.3 | 53.53 | 29.52 | 83.05 | NOTE | |
r-devel-linux-x86_64-fedora-clang | 0.12.3 | 163.28 | NOTE | |||
r-devel-linux-x86_64-fedora-gcc | 0.12.3 | 150.72 | NOTE | |||
r-devel-windows-ix86+x86_64 | 0.12.3 | 17.00 | 90.00 | 107.00 | NOTE | |
r-patched-linux-x86_64 | 0.12.3 | 69.87 | 37.27 | 107.14 | NOTE | |
r-release-linux-x86_64 | 0.12.3 | 73.66 | 37.57 | 111.23 | NOTE | |
r-release-macos-x86_64 | 0.12.3 | NOTE | ||||
r-release-windows-ix86+x86_64 | 0.12.3 | 41.00 | 112.00 | 153.00 | NOTE | |
r-oldrel-macos-x86_64 | 0.12.3 | NOTE | ||||
r-oldrel-windows-ix86+x86_64 | 0.12.3 | 13.00 | 116.00 | 129.00 | NOTE |
Version: 0.12.3
Check: for GNU extensions in Makefiles
Result: NOTE
GNU make is a SystemRequirements.
Flavors: r-devel-linux-x86_64-debian-clang, r-devel-linux-x86_64-debian-gcc, r-devel-linux-x86_64-fedora-clang, r-devel-linux-x86_64-fedora-gcc, r-devel-windows-ix86+x86_64, r-patched-linux-x86_64, r-release-linux-x86_64, r-release-macos-x86_64, r-release-windows-ix86+x86_64, r-oldrel-macos-x86_64, r-oldrel-windows-ix86+x86_64