Last updated on 2021-01-25 22:49:00 CET.
Flavor | Version | Tinstall | Tcheck | Ttotal | Status | Flags |
---|---|---|---|---|---|---|
r-devel-linux-x86_64-debian-clang | 1.0 | 10.83 | 111.55 | 122.38 | OK | |
r-devel-linux-x86_64-debian-gcc | 1.0 | 10.01 | 85.03 | 95.04 | OK | |
r-devel-linux-x86_64-fedora-clang | 1.0 | 164.16 | NOTE | |||
r-devel-linux-x86_64-fedora-gcc | 1.0 | 153.06 | NOTE | |||
r-devel-windows-ix86+x86_64 | 1.0 | 31.00 | 137.00 | 168.00 | OK | |
r-patched-linux-x86_64 | 1.0 | 8.06 | 103.10 | 111.16 | OK | |
r-patched-solaris-x86 | 1.0 | 216.50 | NOTE | |||
r-release-linux-x86_64 | 1.0 | 7.77 | 103.28 | 111.05 | OK | |
r-release-macos-x86_64 | 1.0 | NOTE | ||||
r-release-windows-ix86+x86_64 | 1.0 | 32.00 | 105.00 | 137.00 | OK | |
r-oldrel-macos-x86_64 | 1.0 | NOTE | ||||
r-oldrel-windows-ix86+x86_64 | 1.0 | 21.00 | 131.00 | 152.00 | OK |
Version: 1.0
Check: dependencies in R code
Result: NOTE
Namespace in Imports field not imported from: ‘splines’
All declared Imports should be used.
Flavors: r-devel-linux-x86_64-fedora-clang, r-devel-linux-x86_64-fedora-gcc, r-patched-solaris-x86, r-release-macos-x86_64, r-oldrel-macos-x86_64