CRAN Package Check Results for Package bamlss

Last updated on 2021-02-26 22:47:15 CET.

Flavor Version Tinstall Tcheck Ttotal Status Flags
r-devel-linux-x86_64-debian-clang 1.1-3 68.24 385.37 453.61 OK
r-devel-linux-x86_64-debian-gcc 1.1-3 58.26 282.88 341.14 OK
r-devel-linux-x86_64-fedora-clang 1.1-3 558.15 NOTE
r-devel-linux-x86_64-fedora-gcc 1.1-3 545.10 OK
r-devel-windows-ix86+x86_64 1.1-3 81.00 352.00 433.00 NOTE
r-patched-linux-x86_64 1.1-3 67.90 339.96 407.86 OK
r-patched-solaris-x86 1.1-3 645.70 NOTE
r-release-linux-x86_64 1.1-3 72.18 342.96 415.14 OK
r-release-macos-x86_64 1.1-3 NOTE
r-release-windows-ix86+x86_64 1.1-3 115.00 476.00 591.00 NOTE
r-oldrel-macos-x86_64 1.1-3 NOTE
r-oldrel-windows-ix86+x86_64 1.1-3 77.00 465.00 542.00 NOTE

Check Details

Version: 1.1-3
Check: installed package size
Result: NOTE
     installed size is 5.9Mb
     sub-directories of 1Mb or more:
     R 2.4Mb
     doc 1.8Mb
Flavors: r-devel-linux-x86_64-fedora-clang, r-devel-windows-ix86+x86_64, r-patched-solaris-x86, r-release-macos-x86_64, r-release-windows-ix86+x86_64, r-oldrel-macos-x86_64, r-oldrel-windows-ix86+x86_64

Version: 1.1-3
Check: dependencies in R code
Result: NOTE
    No protocol specified
    No protocol specified
Flavor: r-oldrel-macos-x86_64