Last updated on 2021-01-20 09:49:40 CET.
Flavor | Version | Tinstall | Tcheck | Ttotal | Status | Flags |
---|---|---|---|---|---|---|
r-devel-linux-x86_64-debian-clang | 1.0.2 | 16.56 | 188.57 | 205.13 | OK | |
r-devel-linux-x86_64-debian-gcc | 1.0.2 | 13.88 | 140.04 | 153.92 | OK | |
r-devel-linux-x86_64-fedora-clang | 1.0.2 | 244.27 | NOTE | |||
r-devel-linux-x86_64-fedora-gcc | 1.0.2 | 243.29 | NOTE | |||
r-devel-windows-ix86+x86_64 | 1.0.2 | 65.00 | 255.00 | 320.00 | OK | |
r-patched-linux-x86_64 | 1.0.2 | 14.09 | 176.43 | 190.52 | OK | |
r-patched-solaris-x86 | 1.0.2 | 345.60 | NOTE | |||
r-release-linux-x86_64 | 1.0.2 | 15.45 | 175.91 | 191.36 | OK | |
r-release-macos-x86_64 | 1.0.2 | NOTE | ||||
r-release-windows-ix86+x86_64 | 1.0.2 | 54.00 | 192.00 | 246.00 | OK | |
r-oldrel-macos-x86_64 | 1.0.2 | NOTE | ||||
r-oldrel-windows-ix86+x86_64 | 1.0.2 | 29.00 | 176.00 | 205.00 | OK |
Version: 1.0.2
Check: data for non-ASCII characters
Result: NOTE
Note: found 2469 marked UTF-8 strings
Flavors: r-devel-linux-x86_64-fedora-clang, r-devel-linux-x86_64-fedora-gcc, r-patched-solaris-x86, r-release-macos-x86_64, r-oldrel-macos-x86_64