CRAN Package Check Results for Package ashr

Last updated on 2021-01-22 22:48:35 CET.

Flavor Version Tinstall Tcheck Ttotal Status Flags
r-devel-linux-x86_64-debian-clang 2.2-47 30.24 219.42 249.66 OK
r-devel-linux-x86_64-debian-gcc 2.2-47 24.64 140.37 165.01 OK
r-devel-linux-x86_64-fedora-clang 2.2-47 283.42 OK
r-devel-linux-x86_64-fedora-gcc 2.2-47 262.67 OK
r-devel-windows-ix86+x86_64 2.2-47 71.00 387.00 458.00 OK
r-patched-linux-x86_64 2.2-47 27.48 188.53 216.01 OK
r-patched-solaris-x86 2.2-47 376.40 NOTE
r-release-linux-x86_64 2.2-47 28.76 189.03 217.79 OK
r-release-macos-x86_64 2.2-47 OK
r-release-windows-ix86+x86_64 2.2-47 68.00 394.00 462.00 OK
r-oldrel-macos-x86_64 2.2-47 OK
r-oldrel-windows-ix86+x86_64 2.2-47 48.00 303.00 351.00 NOTE

Check Details

Version: 2.2-47
Check: package dependencies
Result: NOTE
    Package suggested but not available for checking: ‘REBayes’
Flavors: r-patched-solaris-x86, r-oldrel-windows-ix86+x86_64