CRAN Package Check Results for Package aroma.core

Last updated on 2021-04-17 10:49:54 CEST.

Flavor Version Tinstall Tcheck Ttotal Status Flags
r-devel-linux-x86_64-debian-clang 3.2.2 29.72 181.38 211.10 NOTE
r-devel-linux-x86_64-debian-gcc 3.2.2 24.81 136.78 161.59 NOTE
r-devel-linux-x86_64-fedora-clang 3.2.2 266.61 NOTE
r-devel-linux-x86_64-fedora-gcc 3.2.2 251.99 NOTE
r-devel-windows-ix86+x86_64 3.2.2 55.00 207.00 262.00 NOTE
r-devel-windows-x86_64-gcc10-UCRT 3.2.2 NOTE
r-patched-linux-x86_64 3.2.2 30.17 169.22 199.39 NOTE
r-patched-solaris-x86 3.2.2 319.00 NOTE
r-release-linux-x86_64 3.2.2 26.04 169.66 195.70 NOTE
r-release-macos-x86_64 3.2.2 NOTE
r-release-windows-ix86+x86_64 3.2.2 54.00 202.00 256.00 NOTE
r-oldrel-macos-x86_64 3.2.2 NOTE
r-oldrel-windows-ix86+x86_64 3.2.2 36.00 192.00 228.00 NOTE

Check Details

Version: 3.2.2
Check: package dependencies
Result: NOTE
    Packages suggested but not available for checking:
     'sfit', 'expectile', 'HaarSeg', 'mpcbs'
Flavors: r-devel-linux-x86_64-debian-clang, r-devel-linux-x86_64-debian-gcc, r-devel-linux-x86_64-fedora-clang, r-devel-linux-x86_64-fedora-gcc, r-devel-windows-ix86+x86_64, r-patched-linux-x86_64, r-patched-solaris-x86, r-release-linux-x86_64, r-release-windows-ix86+x86_64, r-oldrel-windows-ix86+x86_64

Version: 3.2.2
Check: package dependencies
Result: NOTE
    Packages suggested but not available for checking:
     'GLAD', 'sfit', 'expectile', 'HaarSeg', 'mpcbs'
Flavors: r-devel-windows-x86_64-gcc10-UCRT, r-release-macos-x86_64, r-oldrel-macos-x86_64

Version: 3.2.2
Check: Rd cross-references
Result: NOTE
    Package unavailable to check Rd xrefs: 'GLAD'
Flavors: r-devel-windows-x86_64-gcc10-UCRT, r-release-macos-x86_64, r-oldrel-macos-x86_64