Last updated on 2021-01-15 09:51:03 CET.
Flavor | Version | Tinstall | Tcheck | Ttotal | Status | Flags |
---|---|---|---|---|---|---|
r-devel-linux-x86_64-debian-clang | 1.1.0 | 43.23 | 348.64 | 391.87 | OK | |
r-devel-linux-x86_64-debian-gcc | 1.1.0 | 33.07 | 259.28 | 292.35 | OK | |
r-devel-linux-x86_64-fedora-clang | 1.1.0 | 495.52 | NOTE | |||
r-devel-linux-x86_64-fedora-gcc | 1.1.0 | 479.69 | OK | |||
r-devel-windows-ix86+x86_64 | 1.1.0 | 87.00 | 387.00 | 474.00 | NOTE | |
r-patched-linux-x86_64 | 1.1.0 | 29.32 | 320.02 | 349.34 | OK | |
r-patched-solaris-x86 | 1.1.0 | 636.80 | NOTE | |||
r-release-linux-x86_64 | 1.1.0 | 29.20 | 321.25 | 350.45 | OK | |
r-release-macos-x86_64 | 1.1.0 | NOTE | ||||
r-release-windows-ix86+x86_64 | 1.1.0 | 73.00 | 288.00 | 361.00 | NOTE | |
r-oldrel-macos-x86_64 | 1.1.0 | ERROR | ||||
r-oldrel-windows-ix86+x86_64 | 1.1.0 | 52.00 | 261.00 | 313.00 | NOTE |
Version: 1.1.0
Check: installed package size
Result: NOTE
installed size is 9.5Mb
sub-directories of 1Mb or more:
extdata 8.7Mb
Flavors: r-devel-linux-x86_64-fedora-clang, r-devel-windows-ix86+x86_64, r-patched-solaris-x86, r-release-macos-x86_64, r-release-windows-ix86+x86_64, r-oldrel-windows-ix86+x86_64
Version: 1.1.0
Check: whether package can be installed
Result: ERROR
Installation failed.
Flavor: r-oldrel-macos-x86_64