CRAN Package Check Results for Package TreeLS

Last updated on 2021-01-20 09:50:03 CET.

Flavor Version Tinstall Tcheck Ttotal Status Flags
r-devel-linux-x86_64-debian-clang 2.0.2 0.51 2.35 2.86 ERROR
r-devel-linux-x86_64-debian-gcc 2.0.2 98.91 156.27 255.18 OK
r-devel-linux-x86_64-fedora-clang 2.0.2 453.14 NOTE
r-devel-linux-x86_64-fedora-gcc 2.0.2 432.75 NOTE
r-devel-windows-ix86+x86_64 2.0.2 236.00 247.00 483.00 OK
r-patched-linux-x86_64 2.0.2 115.22 187.94 303.16 OK
r-patched-solaris-x86 2.0.2 454.40 NOTE
r-release-linux-x86_64 2.0.2 0.69 2.47 3.16 ERROR
r-release-macos-x86_64 2.0.2 NOTE
r-release-windows-ix86+x86_64 2.0.2 260.00 271.00 531.00 OK
r-oldrel-macos-x86_64 2.0.2 ERROR
r-oldrel-windows-ix86+x86_64 2.0.2 209.00 223.00 432.00 OK

Additional issues

M1mac

Check Details

Version: 2.0.2
Check: package dependencies
Result: ERROR
    Package required but not available: 'lidR'
    
    See section 'The DESCRIPTION file' in the 'Writing R Extensions'
    manual.
Flavors: r-devel-linux-x86_64-debian-clang, r-release-linux-x86_64

Version: 2.0.2
Check: installed package size
Result: NOTE
     installed size is 19.1Mb
     sub-directories of 1Mb or more:
     extdata 1.2Mb
     libs 17.2Mb
Flavors: r-devel-linux-x86_64-fedora-clang, r-release-macos-x86_64, r-oldrel-macos-x86_64

Version: 2.0.2
Check: dependencies in R code
Result: NOTE
    Namespace in Imports field not imported from: ‘mathjaxr’
     All declared Imports should be used.
Flavors: r-devel-linux-x86_64-fedora-clang, r-devel-linux-x86_64-fedora-gcc, r-patched-solaris-x86, r-release-macos-x86_64, r-oldrel-macos-x86_64

Version: 2.0.2
Check: whether package can be installed
Result: WARN
    Found the following significant warnings:
     Warning: 'rgl.init' failed, running with 'rgl.useNULL = TRUE'.
Flavor: r-oldrel-macos-x86_64

Version: 2.0.2
Check: examples
Result: ERROR
    Running examples in ‘TreeLS-Ex.R’ failed
    The error most likely occurred in:
    
    > ### Name: nnFilter
    > ### Title: Nearest neighborhood point filter
    > ### Aliases: nnFilter
    >
    > ### ** Examples
    >
    > file = system.file("extdata", "spruce.laz", package="TreeLS")
    > tls = readTLS(file)
    > nrow(tls@data)
    [1] 83392
    >
    > nn_tls = nnFilter(tls, 0.05, 3)
    sh: sysctl: command not found
     Unable to detect your RAM. # nocov
     Please raise an issue at https://github.com/csgillespie/benchmarkme
    Error in if (can_malloc < 0) { : missing value where TRUE/FALSE needed
    Calls: nnFilter -> sizeCheck
    Execution halted
Flavor: r-oldrel-macos-x86_64