Last updated on 2025-01-19 22:49:27 CET.
Flavor | Version | Tinstall | Tcheck | Ttotal | Status | Flags |
---|---|---|---|---|---|---|
r-devel-linux-x86_64-debian-clang | 3.7.1 | 13.90 | 108.32 | 122.22 | NOTE | |
r-devel-linux-x86_64-debian-gcc | 3.7.1 | 11.38 | 83.62 | 95.00 | NOTE | |
r-devel-linux-x86_64-fedora-clang | 3.7.1 | 197.34 | NOTE | |||
r-devel-linux-x86_64-fedora-gcc | 3.7.1 | 196.17 | NOTE | |||
r-devel-windows-x86_64 | 3.7.1 | 16.00 | 122.00 | 138.00 | NOTE | |
r-patched-linux-x86_64 | 3.7.1 | 14.45 | 100.63 | 115.08 | NOTE | |
r-release-linux-x86_64 | 3.7.1 | 12.99 | 103.04 | 116.03 | NOTE | |
r-release-macos-arm64 | 3.7.1 | 82.00 | NOTE | |||
r-release-macos-x86_64 | 3.7.1 | 90.00 | NOTE | |||
r-release-windows-x86_64 | 3.7.1 | 19.00 | 120.00 | 139.00 | NOTE | |
r-oldrel-macos-arm64 | 3.7.1 | 51.00 | OK | |||
r-oldrel-macos-x86_64 | 3.7.1 | 112.00 | OK | |||
r-oldrel-windows-x86_64 | 3.7.1 | 20.00 | 144.00 | 164.00 | OK |
Version: 3.7.1
Check: Rd files
Result: NOTE
checkRd: (-1) example.database2.Rd:18: Lost braces in \itemize; meant \describe ?
checkRd: (-1) example.database2.Rd:19: Lost braces in \itemize; meant \describe ?
checkRd: (-1) example.database3.Rd:18: Lost braces in \itemize; meant \describe ?
checkRd: (-1) example.database3.Rd:19: Lost braces in \itemize; meant \describe ?
Flavors: r-devel-linux-x86_64-debian-clang, r-devel-linux-x86_64-debian-gcc, r-devel-linux-x86_64-fedora-clang, r-devel-linux-x86_64-fedora-gcc, r-devel-windows-x86_64, r-patched-linux-x86_64, r-release-linux-x86_64, r-release-macos-arm64, r-release-macos-x86_64, r-release-windows-x86_64