Last updated on 2021-01-15 09:51:02 CET.
Flavor | Version | Tinstall | Tcheck | Ttotal | Status | Flags |
---|---|---|---|---|---|---|
r-devel-linux-x86_64-debian-clang | 0.9.22 | 10.93 | 101.51 | 112.44 | OK | |
r-devel-linux-x86_64-debian-gcc | 0.9.22 | 9.43 | 76.36 | 85.79 | OK | |
r-devel-linux-x86_64-fedora-clang | 0.9.22 | 143.45 | NOTE | |||
r-devel-linux-x86_64-fedora-gcc | 0.9.22 | 130.90 | NOTE | |||
r-devel-windows-ix86+x86_64 | 0.9.22 | 28.00 | 126.00 | 154.00 | OK | |
r-patched-linux-x86_64 | 0.9.22 | 10.34 | 96.12 | 106.46 | OK | |
r-patched-solaris-x86 | 0.9.22 | 193.60 | NOTE | |||
r-release-linux-x86_64 | 0.9.22 | 9.91 | 94.69 | 104.60 | OK | |
r-release-macos-x86_64 | 0.9.22 | NOTE | ||||
r-release-windows-ix86+x86_64 | 0.9.22 | 21.00 | 98.00 | 119.00 | OK | |
r-oldrel-macos-x86_64 | 0.9.22 | NOTE | ||||
r-oldrel-windows-ix86+x86_64 | 0.9.22 | 16.00 | 86.00 | 102.00 | OK |
Version: 0.9.22
Check: data for non-ASCII characters
Result: NOTE
Note: found 153 marked Latin-1 strings
Note: found 108 marked UTF-8 strings
Flavors: r-devel-linux-x86_64-fedora-clang, r-devel-linux-x86_64-fedora-gcc, r-patched-solaris-x86, r-release-macos-x86_64, r-oldrel-macos-x86_64