CRAN Package Check Results for Package SparseBiplots

Last updated on 2021-01-20 09:50:01 CET.

Flavor Version Tinstall Tcheck Ttotal Status Flags
r-devel-linux-x86_64-debian-clang 4.0.0 9.05 87.50 96.55 OK
r-devel-linux-x86_64-debian-gcc 4.0.0 7.57 65.64 73.21 OK
r-devel-linux-x86_64-fedora-clang 4.0.0 121.17 NOTE
r-devel-linux-x86_64-fedora-gcc 4.0.0 111.53 NOTE
r-devel-windows-ix86+x86_64 4.0.0 17.00 76.00 93.00 OK
r-patched-linux-x86_64 4.0.0 9.52 78.77 88.29 OK
r-patched-solaris-x86 4.0.0 169.00 NOTE
r-release-linux-x86_64 4.0.0 8.83 79.62 88.45 OK
r-release-macos-x86_64 4.0.0 NOTE
r-release-windows-ix86+x86_64 4.0.0 19.00 75.00 94.00 OK
r-oldrel-macos-x86_64 4.0.0 NOTE
r-oldrel-windows-ix86+x86_64 4.0.0 14.00 71.00 85.00 OK

Check Details

Version: 4.0.0
Check: dependencies in R code
Result: NOTE
    Namespaces in Imports field not imported from:
     ‘gtable’ ‘rlang’ ‘testthat’
     All declared Imports should be used.
Flavors: r-devel-linux-x86_64-fedora-clang, r-devel-linux-x86_64-fedora-gcc, r-patched-solaris-x86, r-release-macos-x86_64, r-oldrel-macos-x86_64