CRAN Package Check Results for Package SimSurvey

Last updated on 2024-02-27 21:48:39 CET.

Flavor Version Tinstall Tcheck Ttotal Status Flags
r-devel-linux-x86_64-debian-clang 0.1.6 10.62 107.91 118.53 NOTE
r-devel-linux-x86_64-debian-gcc 0.1.6 10.82 80.88 91.70 NOTE
r-devel-linux-x86_64-fedora-clang 0.1.6 149.81 OK
r-devel-linux-x86_64-fedora-gcc 0.1.6 161.85 OK
r-devel-windows-x86_64 0.1.6 12.00 97.00 109.00 OK
r-patched-linux-x86_64 0.1.6 10.21 103.08 113.29 NOTE
r-release-linux-x86_64 0.1.6 8.33 104.80 113.13 NOTE
r-release-macos-arm64 0.1.6 49.00 NOTE
r-release-macos-x86_64 0.1.6 110.00 NOTE
r-release-windows-x86_64 0.1.6 16.00 116.00 132.00 NOTE
r-oldrel-macos-arm64 0.1.6 57.00 NOTE
r-oldrel-windows-x86_64 0.1.6 16.00 118.00 134.00 NOTE

Additional issues

donttest

Check Details

Version: 0.1.6
Check: package dependencies
Result: NOTE Package suggested but not available for checking: ‘INLA’ Flavors: r-devel-linux-x86_64-debian-clang, r-devel-linux-x86_64-debian-gcc, r-patched-linux-x86_64, r-release-linux-x86_64, r-release-macos-arm64, r-release-macos-x86_64, r-release-windows-x86_64, r-oldrel-macos-arm64, r-oldrel-windows-x86_64