CRAN Package Check Results for Package SAEval

Last updated on 2024-02-27 09:54:07 CET.

Flavor Version Tinstall Tcheck Ttotal Status Flags
r-devel-linux-x86_64-debian-clang 1.0.0 8.71 75.21 83.92 OK
r-devel-linux-x86_64-debian-gcc 1.0.0 7.66 54.71 62.37 OK
r-devel-linux-x86_64-fedora-clang 1.0.0 105.97 NOTE
r-devel-linux-x86_64-fedora-gcc 1.0.0 95.73 NOTE
r-devel-windows-x86_64 1.0.0 9.00 72.00 81.00 OK
r-patched-linux-x86_64 1.0.0 9.64 68.45 78.09 OK
r-release-linux-x86_64 1.0.0 8.73 68.95 77.68 OK
r-release-macos-arm64 1.0.0 39.00 OK
r-release-macos-x86_64 1.0.0 48.00 OK
r-release-windows-x86_64 1.0.0 11.00 82.00 93.00 OK
r-oldrel-macos-arm64 1.0.0 25.00 OK
r-oldrel-windows-x86_64 1.0.0 12.00 91.00 103.00 OK

Check Details

Version: 1.0.0
Check: data for non-ASCII characters
Result: NOTE Note: found 4 marked UTF-8 strings Flavors: r-devel-linux-x86_64-fedora-clang, r-devel-linux-x86_64-fedora-gcc