CRAN Package Check Results for Package Rnmr1D

Last updated on 2025-01-19 22:49:23 CET.

Flavor Version Tinstall Tcheck Ttotal Status Flags
r-devel-linux-x86_64-debian-clang 1.3.2 30.20 166.75 196.95 OK
r-devel-linux-x86_64-debian-gcc 1.3.2 21.04 120.04 141.08 OK
r-devel-linux-x86_64-fedora-clang 1.3.2 331.26 NOTE
r-devel-linux-x86_64-fedora-gcc 1.3.2 346.85 NOTE
r-devel-windows-x86_64 1.3.2 27.00 184.00 211.00 OK
r-patched-linux-x86_64 1.3.2 28.78 157.26 186.04 OK
r-release-linux-x86_64 1.3.2 32.23 157.38 189.61 OK
r-release-macos-arm64 1.3.2 95.00 OK
r-release-macos-x86_64 1.3.2 227.00 OK
r-release-windows-x86_64 1.3.2 32.00 185.00 217.00 OK
r-oldrel-macos-arm64 1.3.2 96.00 NOTE
r-oldrel-macos-x86_64 1.3.2 243.00 OK
r-oldrel-windows-x86_64 1.3.2 41.00 232.00 273.00 OK

Check Details

Version: 1.3.2
Check: dependencies in R code
Result: NOTE Namespace in Imports field not imported from: ‘impute’ All declared Imports should be used. Flavors: r-devel-linux-x86_64-fedora-clang, r-devel-linux-x86_64-fedora-gcc

Version: 1.3.2
Check: installed package size
Result: NOTE installed size is 5.1Mb sub-directories of 1Mb or more: doc 2.0Mb libs 1.7Mb Flavor: r-oldrel-macos-arm64