Last updated on 2021-01-20 22:48:25 CET.
Flavor | Version | Tinstall | Tcheck | Ttotal | Status | Flags |
---|---|---|---|---|---|---|
r-devel-linux-x86_64-debian-clang | 0.1.0 | 19.04 | 152.75 | 171.79 | OK | |
r-devel-linux-x86_64-debian-gcc | 0.1.0 | 14.55 | 109.76 | 124.31 | OK | |
r-devel-linux-x86_64-fedora-clang | 0.1.0 | 209.67 | NOTE | |||
r-devel-linux-x86_64-fedora-gcc | 0.1.0 | 203.35 | NOTE | |||
r-devel-windows-ix86+x86_64 | 0.1.0 | 19.00 | 132.00 | 151.00 | OK | |
r-patched-linux-x86_64 | 0.1.0 | 19.60 | 137.92 | 157.52 | OK | |
r-patched-solaris-x86 | 0.1.0 | 223.50 | NOTE | |||
r-release-linux-x86_64 | 0.1.0 | 16.29 | 137.73 | 154.02 | OK | |
r-release-macos-x86_64 | 0.1.0 | NOTE | ||||
r-release-windows-ix86+x86_64 | 0.1.0 | 22.00 | 173.00 | 195.00 | OK | |
r-oldrel-macos-x86_64 | 0.1.0 | NOTE | ||||
r-oldrel-windows-ix86+x86_64 | 0.1.0 | 18.00 | 116.00 | 134.00 | OK |
Version: 0.1.0
Check: dependencies in R code
Result: NOTE
Namespaces in Imports field not imported from:
‘Rdpack’ ‘magrittr’
All declared Imports should be used.
Flavors: r-devel-linux-x86_64-fedora-clang, r-devel-linux-x86_64-fedora-gcc, r-patched-solaris-x86, r-release-macos-x86_64, r-oldrel-macos-x86_64