Last updated on 2021-02-26 09:49:29 CET.
Flavor | Version | Tinstall | Tcheck | Ttotal | Status | Flags |
---|---|---|---|---|---|---|
r-devel-linux-x86_64-debian-clang | 0.2-6 | 124.63 | 28.81 | 153.44 | OK | |
r-devel-linux-x86_64-debian-gcc | 0.2-6 | 76.96 | 22.77 | 99.73 | OK | |
r-devel-linux-x86_64-fedora-clang | 0.2-6 | 259.41 | NOTE | |||
r-devel-linux-x86_64-fedora-gcc | 0.2-6 | 184.45 | OK | |||
r-devel-windows-ix86+x86_64 | 0.2-6 | 247.00 | 69.00 | 316.00 | OK | |
r-patched-linux-x86_64 | 0.2-6 | 96.90 | 27.94 | 124.84 | OK | |
r-patched-solaris-x86 | 0.2-6 | 185.00 | OK | |||
r-release-linux-x86_64 | 0.2-6 | 94.57 | 27.92 | 122.49 | OK | |
r-release-macos-x86_64 | 0.2-6 | NOTE | ||||
r-release-windows-ix86+x86_64 | 0.2-6 | 280.00 | 93.00 | 373.00 | OK | |
r-oldrel-macos-x86_64 | 0.2-6 | NOTE | ||||
r-oldrel-windows-ix86+x86_64 | 0.2-6 | 228.00 | 77.00 | 305.00 | OK |
Version: 0.2-6
Check: installed package size
Result: NOTE
installed size is 8.1Mb
sub-directories of 1Mb or more:
libs 8.0Mb
Flavors: r-devel-linux-x86_64-fedora-clang, r-release-macos-x86_64, r-oldrel-macos-x86_64