CRAN Package Check Results for Package RcppSpdlog

Last updated on 2021-01-16 22:55:52 CET.

Flavor Version Tinstall Tcheck Ttotal Status Flags
r-devel-linux-x86_64-debian-clang 0.0.4 38.89 29.73 68.62 OK
r-devel-linux-x86_64-debian-gcc 0.0.4 26.49 24.02 50.51 OK
r-devel-linux-x86_64-fedora-clang 0.0.4 98.20 OK
r-devel-linux-x86_64-fedora-gcc 0.0.4 89.58 OK
r-devel-windows-ix86+x86_64 0.0.4 77.00 68.00 145.00 OK
r-patched-linux-x86_64 0.0.4 29.84 28.92 58.76 OK
r-patched-solaris-x86 0.0.4 95.80 OK
r-release-linux-x86_64 0.0.4 32.24 28.99 61.23 OK
r-release-macos-x86_64 0.0.4 NOTE
r-release-windows-ix86+x86_64 0.0.4 73.00 64.00 137.00 OK
r-oldrel-macos-x86_64 0.0.4 NOTE
r-oldrel-windows-ix86+x86_64 0.0.4 76.00 66.00 142.00 OK

Check Details

Version: 0.0.4
Check: installed package size
Result: NOTE
     installed size is 5.2Mb
     sub-directories of 1Mb or more:
     libs 4.1Mb
Flavors: r-release-macos-x86_64, r-oldrel-macos-x86_64