Last updated on 2021-03-08 09:47:51 CET.
Flavor | Version | Tinstall | Tcheck | Ttotal | Status | Flags |
---|---|---|---|---|---|---|
r-devel-linux-x86_64-debian-clang | 0.7.10 | 27.30 | 169.35 | 196.65 | NOTE | |
r-devel-linux-x86_64-debian-gcc | 0.7.10 | 21.52 | 126.12 | 147.64 | NOTE | |
r-devel-linux-x86_64-fedora-clang | 0.7.10 | 255.77 | NOTE | |||
r-devel-linux-x86_64-fedora-gcc | 0.7.10 | 248.18 | NOTE | |||
r-devel-windows-ix86+x86_64 | 0.7.10 | 48.00 | 169.00 | 217.00 | NOTE | |
r-devel-windows-x86_64-gcc10-UCRT | 0.7.10 | NOTE | ||||
r-patched-linux-x86_64 | 0.7.10 | 27.42 | 156.70 | 184.12 | NOTE | |
r-patched-solaris-x86 | 0.7.10 | 345.20 | NOTE | |||
r-release-linux-x86_64 | 0.7.10 | 26.98 | 155.81 | 182.79 | NOTE | |
r-release-macos-x86_64 | 0.7.10 | NOTE | ||||
r-release-windows-ix86+x86_64 | 0.7.10 | 38.00 | 132.00 | 170.00 | NOTE | |
r-oldrel-macos-x86_64 | 0.7.10 | NOTE | ||||
r-oldrel-windows-ix86+x86_64 | 0.7.10 | 30.00 | 124.00 | 154.00 | NOTE |
Version: 0.7.10
Check: package dependencies
Result: NOTE
Package suggested but not available for checking: 'ROpenOffice'
Flavors: r-devel-linux-x86_64-debian-clang, r-devel-linux-x86_64-debian-gcc, r-devel-linux-x86_64-fedora-clang, r-devel-linux-x86_64-fedora-gcc, r-devel-windows-ix86+x86_64, r-devel-windows-x86_64-gcc10-UCRT, r-patched-linux-x86_64, r-patched-solaris-x86, r-release-linux-x86_64, r-release-macos-x86_64, r-release-windows-ix86+x86_64, r-oldrel-macos-x86_64, r-oldrel-windows-ix86+x86_64