Last updated on 2021-02-26 22:47:32 CET.
Flavor | Version | Tinstall | Tcheck | Ttotal | Status | Flags |
---|---|---|---|---|---|---|
r-devel-linux-x86_64-debian-clang | 1.9 | 49.38 | 387.42 | 436.80 | OK | |
r-devel-linux-x86_64-debian-gcc | 1.9 | 39.62 | 283.90 | 323.52 | OK | |
r-devel-linux-x86_64-fedora-clang | 1.9 | 524.47 | NOTE | |||
r-devel-linux-x86_64-fedora-gcc | 1.9 | 511.01 | OK | |||
r-devel-windows-ix86+x86_64 | 1.9 | 64.00 | 481.00 | 545.00 | OK | |
r-patched-linux-x86_64 | 1.9 | 44.23 | 353.45 | 397.68 | OK | |
r-patched-solaris-x86 | 1.9 | 711.70 | OK | |||
r-release-linux-x86_64 | 1.9 | 46.58 | 352.75 | 399.33 | OK | |
r-release-macos-x86_64 | 1.9 | OK | ||||
r-release-windows-ix86+x86_64 | 1.9 | 99.00 | 662.00 | 761.00 | OK | |
r-oldrel-macos-x86_64 | 1.9 | OK | ||||
r-oldrel-windows-ix86+x86_64 | 1.9 | 67.00 | 449.00 | 516.00 | OK |
Version: 1.9
Check: package dependencies
Result: NOTE
Imports includes 21 non-default packages.
Importing from so many packages makes the package vulnerable to any of
them becoming unavailable. Move as many as possible to Suggests and
use conditionally.
Flavor: r-devel-linux-x86_64-fedora-clang