CRAN Package Check Results for Package R.temis

Last updated on 2021-03-08 09:47:50 CET.

Flavor Version Tinstall Tcheck Ttotal Status Flags
r-devel-linux-x86_64-debian-clang 0.1.2 8.19 85.73 93.92 OK
r-devel-linux-x86_64-debian-gcc 0.1.2 6.85 62.53 69.38 OK
r-devel-linux-x86_64-fedora-clang 0.1.2 121.49 NOTE
r-devel-linux-x86_64-fedora-gcc 0.1.2 106.24 NOTE
r-devel-windows-ix86+x86_64 0.1.2 22.00 112.00 134.00 OK
r-devel-windows-x86_64-gcc10-UCRT 0.1.2 NOTE
r-patched-linux-x86_64 0.1.2 8.77 78.90 87.67 OK
r-patched-solaris-x86 0.1.2 157.00 NOTE
r-release-linux-x86_64 0.1.2 7.40 80.26 87.66 OK
r-release-macos-x86_64 0.1.2 NOTE
r-release-windows-ix86+x86_64 0.1.2 18.00 82.00 100.00 OK
r-oldrel-macos-x86_64 0.1.2 NOTE
r-oldrel-windows-ix86+x86_64 0.1.2 12.00 78.00 90.00 OK

Check Details

Version: 0.1.2
Check: dependencies in R code
Result: NOTE
    Namespace in Imports field not imported from: ‘testthat’
     All declared Imports should be used.
Flavors: r-devel-linux-x86_64-fedora-clang, r-devel-linux-x86_64-fedora-gcc, r-devel-windows-x86_64-gcc10-UCRT, r-patched-solaris-x86, r-release-macos-x86_64, r-oldrel-macos-x86_64