CRAN Package Check Results for Package PAFit

Last updated on 2021-01-20 09:49:55 CET.

Flavor Version Tinstall Tcheck Ttotal Status Flags
r-devel-linux-x86_64-debian-clang 1.0.1.8 41.67 212.69 254.36 OK
r-devel-linux-x86_64-debian-gcc 1.0.1.8 29.17 160.29 189.46 OK
r-devel-linux-x86_64-fedora-clang 1.0.1.8 307.87 OK
r-devel-linux-x86_64-fedora-gcc 1.0.1.8 285.42 OK
r-devel-windows-ix86+x86_64 1.0.1.8 57.00 248.00 305.00 OK
r-patched-linux-x86_64 1.0.1.8 37.04 193.08 230.12 OK
r-patched-solaris-x86 1.0.1.8 333.40 OK
r-release-linux-x86_64 1.0.1.8 35.70 192.24 227.94 OK
r-release-macos-x86_64 1.0.1.8 OK
r-release-windows-ix86+x86_64 1.0.1.8 63.00 282.00 345.00 OK
r-oldrel-macos-x86_64 1.0.1.8 WARN
r-oldrel-windows-ix86+x86_64 1.0.1.8 53.00 238.00 291.00 OK

Check Details

Version: 1.0.1.8
Check: dependencies in R code
Result: NOTE
    No protocol specified
    No protocol specified
Flavor: r-oldrel-macos-x86_64

Version: 1.0.1.8
Check: S3 generic/method consistency
Result: WARN
    No protocol specified
    No protocol specified
    See section ‘Generic functions and methods’ in the ‘Writing R
    Extensions’ manual.
Flavor: r-oldrel-macos-x86_64

Version: 1.0.1.8
Check: replacement functions
Result: WARN
    No protocol specified
    No protocol specified
    The argument of a replacement function which corresponds to the right
    hand side must be named ‘value’.
Flavor: r-oldrel-macos-x86_64

Version: 1.0.1.8
Check: foreign function calls
Result: NOTE
    No protocol specified
    No protocol specified
    See chapter ‘System and foreign language interfaces’ in the ‘Writing R
    Extensions’ manual.
Flavor: r-oldrel-macos-x86_64

Version: 1.0.1.8
Check: R code for possible problems
Result: NOTE
    No protocol specified
    No protocol specified
Flavor: r-oldrel-macos-x86_64

Version: 1.0.1.8
Check: for missing documentation entries
Result: WARN
    No protocol specified
    No protocol specified
    All user-level objects in a package should have documentation entries.
    See chapter ‘Writing R documentation files’ in the ‘Writing R
    Extensions’ manual.
Flavor: r-oldrel-macos-x86_64

Version: 1.0.1.8
Check: for code/documentation mismatches
Result: WARN
    No protocol specified
    No protocol specified
    No protocol specified
    No protocol specified
    No protocol specified
    No protocol specified
Flavor: r-oldrel-macos-x86_64

Version: 1.0.1.8
Check: Rd \usage sections
Result: NOTE
    No protocol specified
    No protocol specified
    The \usage entries for S3 methods should use the \method markup and not
    their full name.
    See chapter ‘Writing R documentation files’ in the ‘Writing R
    Extensions’ manual.
Flavor: r-oldrel-macos-x86_64