CRAN Package Check Results for Package OptimaRegion

Last updated on 2021-03-08 22:50:30 CET.

Flavor Version Tinstall Tcheck Ttotal Status Flags
r-devel-linux-x86_64-debian-clang 1.1 4.16 40.50 44.66 OK
r-devel-linux-x86_64-debian-gcc 1.1 3.32 30.99 34.31 OK
r-devel-linux-x86_64-fedora-clang 1.1 64.18 NOTE
r-devel-linux-x86_64-fedora-gcc 1.1 51.12 NOTE
r-devel-windows-ix86+x86_64 1.1 9.00 53.00 62.00 OK
r-devel-windows-x86_64-gcc10-UCRT 1.1 NOTE
r-patched-linux-x86_64 1.1 3.81 38.63 42.44 OK
r-patched-solaris-x86 1.1 70.30 NOTE
r-release-linux-x86_64 1.1 3.86 38.68 42.54 OK
r-release-macos-x86_64 1.1 NOTE
r-release-windows-ix86+x86_64 1.1 6.00 50.00 56.00 OK
r-oldrel-macos-x86_64 1.1 NOTE
r-oldrel-windows-ix86+x86_64 1.1 5.00 38.00 43.00 OK

Check Details

Version: 1.1
Check: dependencies in R code
Result: NOTE
    Namespace in Imports field not imported from: ‘geometry’
     All declared Imports should be used.
Flavors: r-devel-linux-x86_64-fedora-clang, r-devel-linux-x86_64-fedora-gcc, r-devel-windows-x86_64-gcc10-UCRT, r-patched-solaris-x86, r-release-macos-x86_64, r-oldrel-macos-x86_64