CRAN Package Check Results for Package NLP

Last updated on 2021-01-24 09:49:13 CET.

Flavor Version Tinstall Tcheck Ttotal Status Flags
r-devel-linux-x86_64-debian-clang 0.2-1 4.51 34.12 38.63 OK
r-devel-linux-x86_64-debian-gcc 0.2-1 3.83 27.30 31.13 OK
r-devel-linux-x86_64-fedora-clang 0.2-1 55.99 NOTE
r-devel-linux-x86_64-fedora-gcc 0.2-1 46.43 OK
r-devel-windows-ix86+x86_64 0.2-1 8.00 48.00 56.00 OK
r-patched-linux-x86_64 0.2-1 4.09 32.89 36.98 OK
r-patched-solaris-x86 0.2-1 63.00 OK
r-release-linux-x86_64 0.2-1 4.16 32.50 36.66 OK
r-release-macos-x86_64 0.2-1 OK
r-release-windows-ix86+x86_64 0.2-1 6.00 46.00 52.00 OK
r-oldrel-macos-x86_64 0.2-1 OK
r-oldrel-windows-ix86+x86_64 0.2-1 7.00 50.00 57.00 OK

Check Details

Version: 0.2-1
Check: Rd cross-references
Result: NOTE
    Undeclared package ‘tm’ in Rd xrefs
Flavor: r-devel-linux-x86_64-fedora-clang