Last updated on 2021-01-22 22:48:48 CET.
Flavor | Version | Tinstall | Tcheck | Ttotal | Status | Flags |
---|---|---|---|---|---|---|
r-devel-linux-x86_64-debian-clang | 0.2.0 | 1.89 | 62.64 | 64.53 | OK | |
r-devel-linux-x86_64-debian-gcc | 0.2.0 | 1.74 | 47.34 | 49.08 | OK | |
r-devel-linux-x86_64-fedora-clang | 0.2.0 | 88.34 | NOTE | |||
r-devel-linux-x86_64-fedora-gcc | 0.2.0 | 77.86 | NOTE | |||
r-devel-windows-ix86+x86_64 | 0.2.0 | 5.00 | 85.00 | 90.00 | OK | |
r-patched-linux-x86_64 | 0.2.0 | 2.06 | 60.14 | 62.20 | OK | |
r-patched-solaris-x86 | 0.2.0 | 112.10 | NOTE | |||
r-release-linux-x86_64 | 0.2.0 | 2.14 | 60.91 | 63.05 | OK | |
r-release-macos-x86_64 | 0.2.0 | NOTE | ||||
r-release-windows-ix86+x86_64 | 0.2.0 | 4.00 | 100.00 | 104.00 | OK | |
r-oldrel-macos-x86_64 | 0.2.0 | NOTE | ||||
r-oldrel-windows-ix86+x86_64 | 0.2.0 | 3.00 | 64.00 | 67.00 | OK |
Version: 0.2.0
Check: dependencies in R code
Result: NOTE
Namespace in Imports field not imported from: ‘tibble’
All declared Imports should be used.
Flavors: r-devel-linux-x86_64-fedora-clang, r-devel-linux-x86_64-fedora-gcc, r-patched-solaris-x86, r-release-macos-x86_64, r-oldrel-macos-x86_64