CRAN Package Check Results for Package MiRNAQCD

Last updated on 2025-01-18 22:48:58 CET.

Flavor Version Tinstall Tcheck Ttotal Status Flags
r-devel-linux-x86_64-debian-clang 1.1.3 4.24 32.04 36.28 OK
r-devel-linux-x86_64-debian-gcc 1.1.3 2.35 23.81 26.16 OK
r-devel-linux-x86_64-fedora-clang 1.1.3 60.29 NOTE
r-devel-linux-x86_64-fedora-gcc 1.1.3 56.93 NOTE
r-devel-windows-x86_64 1.1.3 5.00 51.00 56.00 OK
r-patched-linux-x86_64 1.1.3 4.08 30.21 34.29 OK
r-release-linux-x86_64 1.1.3 4.01 29.71 33.72 OK
r-release-macos-arm64 1.1.3 20.00 OK
r-release-macos-x86_64 1.1.3 28.00 OK
r-release-windows-x86_64 1.1.3 6.00 51.00 57.00 OK
r-oldrel-macos-arm64 1.1.3 21.00 OK
r-oldrel-macos-x86_64 1.1.3 57.00 OK
r-oldrel-windows-x86_64 1.1.3 6.00 56.00 62.00 OK

Check Details

Version: 1.1.3
Check: dependencies in R code
Result: NOTE Namespace in Imports field not imported from: ‘qpdf’ All declared Imports should be used. Flavors: r-devel-linux-x86_64-fedora-clang, r-devel-linux-x86_64-fedora-gcc