Last updated on 2021-02-26 22:47:25 CET.
Flavor | Version | Tinstall | Tcheck | Ttotal | Status | Flags |
---|---|---|---|---|---|---|
r-devel-linux-x86_64-debian-clang | 4.1.0 | 77.32 | 220.98 | 298.30 | OK | |
r-devel-linux-x86_64-debian-gcc | 4.1.0 | 46.30 | 164.43 | 210.73 | OK | |
r-devel-linux-x86_64-fedora-clang | 4.1.0 | 394.89 | NOTE | |||
r-devel-linux-x86_64-fedora-gcc | 4.1.0 | 349.39 | OK | |||
r-devel-windows-ix86+x86_64 | 4.1.0 | 117.00 | 225.00 | 342.00 | OK | |
r-patched-linux-x86_64 | 4.1.0 | 59.27 | 211.39 | 270.66 | OK | |
r-patched-solaris-x86 | 4.1.0 | 427.60 | OK | |||
r-release-linux-x86_64 | 4.1.0 | 58.25 | 211.75 | 270.00 | OK | |
r-release-macos-x86_64 | 4.1.0 | OK | ||||
r-release-windows-ix86+x86_64 | 4.1.0 | 126.00 | 313.00 | 439.00 | OK | |
r-oldrel-macos-x86_64 | 4.1.0 | OK | ||||
r-oldrel-windows-ix86+x86_64 | 4.1.0 | 110.00 | 306.00 | 416.00 | OK |
Version: 4.1.0
Check: installed package size
Result: NOTE
installed size is 5.3Mb
sub-directories of 1Mb or more:
doc 1.4Mb
libs 3.0Mb
Flavor: r-devel-linux-x86_64-fedora-clang