Last updated on 2021-01-20 09:49:53 CET.
Flavor | Version | Tinstall | Tcheck | Ttotal | Status | Flags |
---|---|---|---|---|---|---|
r-devel-linux-x86_64-debian-clang | 1.0.2 | 4.16 | 58.72 | 62.88 | OK | |
r-devel-linux-x86_64-debian-gcc | 1.0.2 | 2.84 | 45.78 | 48.62 | OK | |
r-devel-linux-x86_64-fedora-clang | 1.0.2 | 83.70 | OK | |||
r-devel-linux-x86_64-fedora-gcc | 1.0.2 | 74.43 | OK | |||
r-devel-windows-ix86+x86_64 | 1.0.2 | 7.00 | 62.00 | 69.00 | OK | |
r-patched-linux-x86_64 | 1.0.2 | 3.83 | 57.70 | 61.53 | OK | |
r-patched-solaris-x86 | 1.0.2 | 118.50 | NOTE | |||
r-release-linux-x86_64 | 1.0.2 | 4.23 | 57.55 | 61.78 | OK | |
r-release-macos-x86_64 | 1.0.2 | OK | ||||
r-release-windows-ix86+x86_64 | 1.0.2 | 9.00 | 62.00 | 71.00 | OK | |
r-oldrel-macos-x86_64 | 1.0.2 | OK | ||||
r-oldrel-windows-ix86+x86_64 | 1.0.2 | 6.00 | 63.00 | 69.00 | OK |
Version: 1.0.2
Check: installed package size
Result: NOTE
installed size is 5.9Mb
sub-directories of 1Mb or more:
extdata 5.8Mb
Flavor: r-patched-solaris-x86