CRAN Package Check Results for Package HydeNet

Last updated on 2021-01-22 22:48:43 CET.

Flavor Version Tinstall Tcheck Ttotal Status Flags
r-devel-linux-x86_64-debian-clang 0.10.11 9.21 115.77 124.98 OK
r-devel-linux-x86_64-debian-gcc 0.10.11 8.14 86.18 94.32 OK
r-devel-linux-x86_64-fedora-clang 0.10.11 155.68 NOTE
r-devel-linux-x86_64-fedora-gcc 0.10.11 145.46 NOTE
r-devel-windows-ix86+x86_64 0.10.11 22.00 144.00 166.00 OK
r-patched-linux-x86_64 0.10.11 8.65 110.41 119.06 OK
r-patched-solaris-x86 0.10.11 224.40 NOTE
r-release-linux-x86_64 0.10.11 9.11 110.04 119.15 OK
r-release-macos-x86_64 0.10.11 NOTE
r-release-windows-ix86+x86_64 0.10.11 27.00 150.00 177.00 OK
r-oldrel-macos-x86_64 0.10.11 NOTE
r-oldrel-windows-ix86+x86_64 0.10.11 12.00 102.00 114.00 OK

Check Details

Version: 0.10.11
Check: dependencies in R code
Result: NOTE
    Namespace in Imports field not imported from: ‘graph’
     All declared Imports should be used.
Flavors: r-devel-linux-x86_64-fedora-clang, r-devel-linux-x86_64-fedora-gcc, r-patched-solaris-x86, r-release-macos-x86_64, r-oldrel-macos-x86_64