Last updated on 2021-01-25 22:49:08 CET.
Flavor | Version | Tinstall | Tcheck | Ttotal | Status | Flags |
---|---|---|---|---|---|---|
r-devel-linux-x86_64-debian-clang | 0.1.6 | 28.94 | 88.91 | 117.85 | OK | |
r-devel-linux-x86_64-debian-gcc | 0.1.6 | 21.72 | 68.65 | 90.37 | OK | |
r-devel-linux-x86_64-fedora-clang | 0.1.6 | 160.52 | OK | |||
r-devel-linux-x86_64-fedora-gcc | 0.1.6 | 151.19 | OK | |||
r-devel-windows-ix86+x86_64 | 0.1.6 | 54.00 | 8.00 | 62.00 | ERROR | |
r-patched-linux-x86_64 | 0.1.6 | 28.98 | 84.34 | 113.32 | OK | |
r-patched-solaris-x86 | 0.1.6 | 220.00 | OK | |||
r-release-linux-x86_64 | 0.1.6 | 26.84 | 84.35 | 111.19 | OK | |
r-release-macos-x86_64 | 0.1.6 | OK | ||||
r-release-windows-ix86+x86_64 | 0.1.6 | 52.00 | 5.00 | 57.00 | ERROR | |
r-oldrel-macos-x86_64 | 0.1.6 | OK | ||||
r-oldrel-windows-ix86+x86_64 | 0.1.6 | 41.00 | 6.00 | 47.00 | ERROR |
Version: 0.1.6
Check: whether package can be installed
Result: ERROR
Installation failed.
Flavors: r-devel-windows-ix86+x86_64, r-release-windows-ix86+x86_64, r-oldrel-windows-ix86+x86_64