CRAN Package Check Results for Package GGIR

Last updated on 2021-01-22 09:48:37 CET.

Flavor Version Tinstall Tcheck Ttotal Status Flags
r-devel-linux-x86_64-debian-clang 2.2-0 49.87 143.00 192.87 OK
r-devel-linux-x86_64-debian-gcc 2.2-0 35.00 103.57 138.57 OK
r-devel-linux-x86_64-fedora-clang 2.2-0 253.23 OK
r-devel-linux-x86_64-fedora-gcc 2.2-0 248.96 OK
r-devel-windows-ix86+x86_64 2.2-0 102.00 215.00 317.00 NOTE
r-patched-linux-x86_64 2.2-0 43.08 129.83 172.91 OK
r-patched-solaris-x86 2.2-0 234.00 OK
r-release-linux-x86_64 2.2-0 41.88 127.47 169.35 OK
r-release-macos-x86_64 2.2-0 OK
r-release-windows-ix86+x86_64 2.2-0 93.00 202.00 295.00 NOTE
r-oldrel-macos-x86_64 2.2-0 OK
r-oldrel-windows-ix86+x86_64 2.2-0 71.00 150.00 221.00 OK

Check Details

Version: 2.2-0
Check: installed package size
Result: NOTE
     installed size is 5.4Mb
     sub-directories of 1Mb or more:
     doc 1.0Mb
     libs 2.0Mb
Flavors: r-devel-windows-ix86+x86_64, r-release-windows-ix86+x86_64