Last updated on 2021-01-16 22:55:40 CET.
Flavor | Version | Tinstall | Tcheck | Ttotal | Status | Flags |
---|---|---|---|---|---|---|
r-devel-linux-x86_64-debian-clang | 0.2.7 | 4.77 | 233.66 | 238.43 | OK | |
r-devel-linux-x86_64-debian-gcc | 0.2.7 | 4.08 | 155.01 | 159.09 | OK | |
r-devel-linux-x86_64-fedora-clang | 0.2.7 | 275.71 | OK | |||
r-devel-linux-x86_64-fedora-gcc | 0.2.7 | 279.41 | OK | |||
r-devel-windows-ix86+x86_64 | 0.2.7 | 8.00 | 194.00 | 202.00 | OK | |
r-patched-linux-x86_64 | 0.2.7 | 5.08 | 213.99 | 219.07 | OK | |
r-patched-solaris-x86 | 0.2.7 | 328.00 | OK | |||
r-release-linux-x86_64 | 0.2.7 | 4.96 | 214.72 | 219.68 | OK | |
r-release-macos-x86_64 | 0.2.7 | OK | ||||
r-release-windows-ix86+x86_64 | 0.2.7 | 9.00 | 212.00 | 221.00 | OK | |
r-oldrel-macos-x86_64 | 0.2.7 | WARN | ||||
r-oldrel-windows-ix86+x86_64 | 0.2.7 | 8.00 | 253.00 | 261.00 | WARN |
Version: 0.2.7
Check: Rd cross-references
Result: WARN
Missing link or links in documentation object 'foreca-utils.Rd':
‘[base]{plot}’
Missing link or links in documentation object 'foreca.one_weightvector-utils.Rd':
‘[base]{plot}’
See section 'Cross-references' in the 'Writing R Extensions' manual.
Flavors: r-oldrel-macos-x86_64, r-oldrel-windows-ix86+x86_64