CRAN Package Check Results for Package FateID

Last updated on 2021-03-08 22:50:23 CET.

Flavor Version Tinstall Tcheck Ttotal Status Flags
r-devel-linux-x86_64-debian-clang 0.1.9 9.34 136.68 146.02 WARN
r-devel-linux-x86_64-debian-gcc 0.1.9 8.11 102.53 110.64 WARN
r-devel-linux-x86_64-fedora-clang 0.1.9 182.71 WARN
r-devel-linux-x86_64-fedora-gcc 0.1.9 171.78 WARN
r-devel-windows-ix86+x86_64 0.1.9 22.00 228.00 250.00 OK
r-devel-windows-x86_64-gcc10-UCRT 0.1.9 WARN
r-patched-linux-x86_64 0.1.9 9.47 177.73 187.20 OK
r-patched-solaris-x86 0.1.9 361.40 NOTE
r-release-linux-x86_64 0.1.9 9.51 178.52 188.03 OK
r-release-macos-x86_64 0.1.9 WARN
r-release-windows-ix86+x86_64 0.1.9 18.00 199.00 217.00 OK
r-oldrel-macos-x86_64 0.1.9 WARN
r-oldrel-windows-ix86+x86_64 0.1.9 14.00 164.00 178.00 OK

Check Details

Version: 0.1.9
Check: package dependencies
Result: NOTE
    Package suggested but not available for checking: 'destiny'
Flavors: r-devel-linux-x86_64-debian-clang, r-devel-linux-x86_64-debian-gcc, r-devel-linux-x86_64-fedora-clang, r-devel-linux-x86_64-fedora-gcc, r-devel-windows-x86_64-gcc10-UCRT, r-release-macos-x86_64

Version: 0.1.9
Check: re-building of vignette outputs
Result: WARN
    Error(s) in re-building vignettes:
     ...
    --- re-building 'FateID.Rmd' using rmarkdown
    Quitting from lines 141-142 (FateID.Rmd)
    Error: processing vignette 'FateID.Rmd' failed with diagnostics:
    there is no package called 'destiny'
    --- failed re-building 'FateID.Rmd'
    
    SUMMARY: processing the following file failed:
     'FateID.Rmd'
    
    Error: Vignette re-building failed.
    Execution halted
Flavors: r-devel-linux-x86_64-debian-clang, r-devel-linux-x86_64-debian-gcc, r-devel-windows-x86_64-gcc10-UCRT

Version: 0.1.9
Check: installed package size
Result: NOTE
     installed size is 5.0Mb
     sub-directories of 1Mb or more:
     doc 4.4Mb
Flavors: r-devel-linux-x86_64-fedora-clang, r-patched-solaris-x86

Version: 0.1.9
Check: re-building of vignette outputs
Result: WARN
    Error(s) in re-building vignettes:
    --- re-building ‘FateID.Rmd’ using rmarkdown
    Quitting from lines 141-142 (FateID.Rmd)
    Error: processing vignette 'FateID.Rmd' failed with diagnostics:
    there is no package called 'destiny'
    --- failed re-building ‘FateID.Rmd’
    
    SUMMARY: processing the following file failed:
     ‘FateID.Rmd’
    
    Error: Vignette re-building failed.
    Execution halted
Flavors: r-devel-linux-x86_64-fedora-clang, r-devel-linux-x86_64-fedora-gcc

Version: 0.1.9
Check: re-building of vignette outputs
Result: WARN
    Error(s) in re-building vignettes:
     ...
    --- re-building ‘FateID.Rmd’ using rmarkdown
    Warning in engine$weave(file, quiet = quiet, encoding = enc) :
     Pandoc (>= 1.12.3) and/or pandoc-citeproc not available. Falling back to R Markdown v1.
    Quitting from lines 141-142 (FateID.Rmd)
    Error: processing vignette 'FateID.Rmd' failed with diagnostics:
    there is no package called 'destiny'
    --- failed re-building ‘FateID.Rmd’
    
    SUMMARY: processing the following file failed:
     ‘FateID.Rmd’
    
    Error: Vignette re-building failed.
    Execution halted
Flavors: r-release-macos-x86_64, r-oldrel-macos-x86_64

Version: 0.1.9
Check: package dependencies
Result: NOTE
    Packages suggested but not available for checking: 'DESeq2', 'destiny'
Flavor: r-oldrel-macos-x86_64