Last updated on 2021-01-15 09:50:44 CET.
Flavor | Version | Tinstall | Tcheck | Ttotal | Status | Flags |
---|---|---|---|---|---|---|
r-devel-linux-x86_64-debian-clang | 2.0.0 | 8.97 | 102.16 | 111.13 | OK | |
r-devel-linux-x86_64-debian-gcc | 2.0.0 | 6.53 | 74.96 | 81.49 | OK | |
r-devel-linux-x86_64-fedora-clang | 2.0.0 | 134.59 | OK | |||
r-devel-linux-x86_64-fedora-gcc | 2.0.0 | 136.00 | OK | |||
r-devel-windows-ix86+x86_64 | 2.0.0 | 22.00 | 126.00 | 148.00 | OK | |
r-patched-linux-x86_64 | 2.0.0 | 7.51 | 95.47 | 102.98 | OK | |
r-patched-solaris-x86 | 2.0.0 | 5.90 | ERROR | |||
r-release-linux-x86_64 | 2.0.0 | 6.87 | 96.73 | 103.60 | OK | |
r-release-macos-x86_64 | 2.0.0 | OK | ||||
r-release-windows-ix86+x86_64 | 2.0.0 | 14.00 | 101.00 | 115.00 | OK | |
r-oldrel-macos-x86_64 | 2.0.0 | OK | ||||
r-oldrel-windows-ix86+x86_64 | 2.0.0 | 10.00 | 89.00 | 99.00 | OK |
Version: 2.0.0
Check: package dependencies
Result: ERROR
Package required but not available: ‘xgboost’
See section ‘The DESCRIPTION file’ in the ‘Writing R Extensions’
manual.
Flavor: r-patched-solaris-x86