Last updated on 2021-01-20 22:48:11 CET.
Flavor | Version | Tinstall | Tcheck | Ttotal | Status | Flags |
---|---|---|---|---|---|---|
r-devel-linux-x86_64-debian-clang | 0.3-9 | 12.34 | 59.59 | 71.93 | OK | |
r-devel-linux-x86_64-debian-gcc | 0.3-9 | 10.31 | 45.66 | 55.97 | OK | |
r-devel-linux-x86_64-fedora-clang | 0.3-9 | 97.51 | NOTE | |||
r-devel-linux-x86_64-fedora-gcc | 0.3-9 | 88.19 | OK | |||
r-devel-windows-ix86+x86_64 | 0.3-9 | 22.00 | 63.00 | 85.00 | OK | |
r-patched-linux-x86_64 | 0.3-9 | 8.76 | 57.42 | 66.18 | OK | |
r-patched-solaris-x86 | 0.3-9 | 119.70 | OK | |||
r-release-linux-x86_64 | 0.3-9 | 8.80 | 57.59 | 66.39 | OK | |
r-release-macos-x86_64 | 0.3-9 | OK | ||||
r-release-windows-ix86+x86_64 | 0.3-9 | 37.00 | 70.00 | 107.00 | OK | |
r-oldrel-macos-x86_64 | 0.3-9 | OK | ||||
r-oldrel-windows-ix86+x86_64 | 0.3-9 | 17.00 | 65.00 | 82.00 | OK |
Version: 0.3-9
Check: Rd cross-references
Result: NOTE
Undeclared packages ‘plm’, ‘systemfit’, ‘carData’, ‘wooldridge’ in Rd xrefs
Flavor: r-devel-linux-x86_64-fedora-clang