Last updated on 2021-03-06 09:52:02 CET.
Flavor | Version | Tinstall | Tcheck | Ttotal | Status | Flags |
---|---|---|---|---|---|---|
r-devel-linux-x86_64-debian-clang | 0.9.8 | 14.20 | 127.58 | 141.78 | OK | |
r-devel-linux-x86_64-debian-gcc | 0.9.8 | 10.22 | 94.95 | 105.17 | OK | |
r-devel-linux-x86_64-fedora-clang | 0.9.8 | 174.44 | OK | |||
r-devel-linux-x86_64-fedora-gcc | 0.9.8 | 161.96 | OK | |||
r-devel-windows-ix86+x86_64 | 0.9.8 | 23.00 | 165.00 | 188.00 | OK | |
r-patched-linux-x86_64 | 0.9.8 | OK | ||||
r-patched-solaris-x86 | 0.9.8 | 235.00 | OK | |||
r-release-linux-x86_64 | 0.9.8 | 11.76 | 119.54 | 131.30 | OK | |
r-release-macos-x86_64 | 0.9.8 | OK | ||||
r-release-windows-ix86+x86_64 | 0.9.8 | 16.00 | 127.00 | 143.00 | OK | |
r-oldrel-macos-x86_64 | 0.9.8 | ERROR | ||||
r-oldrel-windows-ix86+x86_64 | 0.9.8 | 15.00 | 110.00 | 125.00 | ERROR |
Version: 0.9.8
Check: examples
Result: ERROR
Running examples in ‘EGAnet-Ex.R’ failed
The error most likely occurred in:
> ### Name: net.loads
> ### Title: Network Loadings
> ### Aliases: net.loads
>
> ### ** Examples
>
>
> # Load data
> wmt <- wmt2[,7:24]
>
> ## Not run:
> ##D # Estimate EGA
> ##D ega.wmt <- EGA(wmt)
> ##D
> ## End(Not run)
>
> # Network loadings
> net.loads(ega.wmt)
Error in matrix(if (is.null(value)) logical() else value, nrow = nr, dimnames = list(rn, :
length of 'dimnames' [2] not equal to array extent
Calls: <Anonymous> ... [<-.data.frame -> which -> Ops.data.frame -> matrix
Execution halted
Flavors: r-oldrel-macos-x86_64, r-oldrel-windows-ix86+x86_64