CRAN Package Check Results for Package BinMat

Last updated on 2021-01-20 09:49:40 CET.

Flavor Version Tinstall Tcheck Ttotal Status Flags
r-devel-linux-x86_64-debian-clang 0.1.2 2.10 26.21 28.31 OK
r-devel-linux-x86_64-debian-gcc 0.1.2 1.86 21.10 22.96 OK
r-devel-linux-x86_64-fedora-clang 0.1.2 45.12 NOTE
r-devel-linux-x86_64-fedora-gcc 0.1.2 37.62 NOTE
r-devel-windows-ix86+x86_64 0.1.2 5.00 32.00 37.00 OK
r-patched-linux-x86_64 0.1.2 2.33 26.04 28.37 OK
r-patched-solaris-x86 0.1.2 50.30 NOTE
r-release-linux-x86_64 0.1.2 2.44 26.09 28.53 OK
r-release-macos-x86_64 0.1.2 NOTE
r-release-windows-ix86+x86_64 0.1.2 5.00 34.00 39.00 OK
r-oldrel-macos-x86_64 0.1.2 NOTE
r-oldrel-windows-ix86+x86_64 0.1.2 3.00 29.00 32.00 OK

Check Details

Version: 0.1.2
Check: dependencies in R code
Result: NOTE
    Namespace in Imports field not imported from: ‘magrittr’
     All declared Imports should be used.
Flavors: r-devel-linux-x86_64-fedora-clang, r-devel-linux-x86_64-fedora-gcc, r-patched-solaris-x86, r-release-macos-x86_64, r-oldrel-macos-x86_64