CRAN Package Check Results for Package BiasedUrn

Last updated on 2021-03-08 09:47:35 CET.

Flavor Version Tinstall Tcheck Ttotal Status Flags
r-devel-linux-x86_64-debian-clang 1.07 8.21 26.68 34.89 OK
r-devel-linux-x86_64-debian-gcc 1.07 6.16 21.20 27.36 OK
r-devel-linux-x86_64-fedora-clang 1.07 54.86 NOTE
r-devel-linux-x86_64-fedora-gcc 1.07 43.86 NOTE
r-devel-windows-ix86+x86_64 1.07 23.00 45.00 68.00 OK
r-devel-windows-x86_64-gcc10-UCRT 1.07 OK
r-patched-linux-x86_64 1.07 7.16 25.93 33.09 OK
r-patched-solaris-x86 1.07 67.20 OK
r-release-linux-x86_64 1.07 8.54 25.94 34.48 OK
r-release-macos-x86_64 1.07 OK
r-release-windows-ix86+x86_64 1.07 18.00 47.00 65.00 OK
r-oldrel-macos-x86_64 1.07 OK
r-oldrel-windows-ix86+x86_64 1.07 21.00 55.00 76.00 OK

Check Details

Version: 1.07
Check: compiled code
Result: NOTE
    File ‘BiasedUrn/libs/BiasedUrn.so’:
     Found no calls to: ‘R_registerRoutines’, ‘R_useDynamicSymbols’
    
    It is good practice to register native routines and to disable symbol
    search.
    
    See ‘Writing portable packages’ in the ‘Writing R Extensions’ manual.
Flavors: r-devel-linux-x86_64-fedora-clang, r-devel-linux-x86_64-fedora-gcc