CRAN Package Check Results for Package ANN2

Last updated on 2021-01-20 09:49:39 CET.

Flavor Version Tinstall Tcheck Ttotal Status Flags
r-devel-linux-x86_64-debian-clang 2.3.4 485.18 72.01 557.19 OK
r-devel-linux-x86_64-debian-gcc 2.3.4 341.95 59.45 401.40 OK
r-devel-linux-x86_64-fedora-clang 2.3.4 1018.46 NOTE
r-devel-linux-x86_64-fedora-gcc 2.3.4 791.14 OK
r-devel-windows-ix86+x86_64 2.3.4 678.00 101.00 779.00 NOTE
r-patched-linux-x86_64 2.3.4 393.40 65.15 458.55 OK
r-patched-solaris-x86 2.3.4 527.50 OK
r-release-linux-x86_64 2.3.4 382.17 67.50 449.67 OK
r-release-macos-x86_64 2.3.4 NOTE
r-release-windows-ix86+x86_64 2.3.4 742.00 145.00 887.00 NOTE
r-oldrel-macos-x86_64 2.3.4 NOTE
r-oldrel-windows-ix86+x86_64 2.3.4 624.00 104.00 728.00 NOTE

Check Details

Version: 2.3.4
Check: installed package size
Result: NOTE
     installed size is 57.8Mb
     sub-directories of 1Mb or more:
     cereal 1.4Mb
     libs 56.2Mb
Flavors: r-devel-linux-x86_64-fedora-clang, r-devel-windows-ix86+x86_64, r-release-macos-x86_64, r-release-windows-ix86+x86_64, r-oldrel-macos-x86_64, r-oldrel-windows-ix86+x86_64